e prime factors of 539151103?
539151103
What are the prime factors of 122242755?
3, 5, 8149517
List the prime factors of 1544833412.
2, 47, 8217199
What are the prime factors of 536668072?
2, 19, 829, 4259
List the prime factors of 5057747102.
2, 997, 2536483
List the prime factors of 7048498963.
11, 11491, 55763
What are the prime factors of 356437330?
2, 5, 107, 179, 1861
List the prime factors of 35469862.
2, 17734931
What are the prime factors of 36082378?
2, 41, 131, 3359
What are the prime factors of 118999590?
2, 3, 5, 83, 47791
List the prime factors of 2569631524.
2, 2333, 275357
List the prime factors of 57118019.
7, 47, 139, 1249
List the prime factors of 193876666.
2, 31, 61, 51263
What are the prime factors of 33408441?
3, 11, 19, 17761
List the prime factors of 192072742.
2, 29, 53, 62483
List the prime factors of 219827201.
11, 67, 379, 787
List the prime factors of 704101143.
3, 234700381
List the prime factors of 6093290911.
2381, 2559131
List the prime factors of 667923387.
3, 17, 13096537
What are the prime factors of 1446452183?
11, 131495653
What are the prime factors of 93085490?
2, 5, 53, 175633
What are the prime factors of 41566145?
5, 8313229
What are the prime factors of 293650791?
3, 7, 971, 14401
What are the prime factors of 11493021?
3, 3831007
List the prime factors of 265917749.
19, 101, 138571
What are the prime factors of 5577542492?
2, 19, 2243, 32719
What are the prime factors of 435748621?
7, 11, 808439
What are the prime factors of 2260395206?
2, 839, 1347077
List the prime factors of 278269858.
2, 19, 7322891
What are the prime factors of 104643639?
3, 43, 59, 4583
What are the prime factors of 39248921?
39248921
What are the prime factors of 95433726?
2, 3, 15905621
List the prime factors of 103522353.
3, 11, 821, 3821
List the prime factors of 700229815.
5, 140045963
What are the prime factors of 184029068?
2, 46007267
What are the prime factors of 1284060807?
3, 142673423
What are the prime factors of 122925788?
2, 31, 181, 5477
List the prime factors of 791985359.
11, 67, 1074607
List the prime factors of 28145994.
2, 3, 43, 127, 859
What are the prime factors of 1212445018?
2, 1061, 571369
What are the prime factors of 9693752?
2, 1211719
What are the prime factors of 1304831149?
1304831149
What are the prime factors of 592430602?
2, 19, 820541
List the prime factors of 41045464.
2, 5130683
What are the prime factors of 169628277?
3, 7, 13, 107, 5807
What are the prime factors of 1461467156?
2, 19, 53, 157, 2311
List the prime factors of 63300919.
11, 5754629
List the prime factors of 1840651504.
2, 719, 160001
List the prime factors of 629769890.
2, 5, 62976989
What are the prime factors of 119888276?
2, 29972069
What are the prime factors of 58196089?
7, 331, 25117
List the prime factors of 24984379.
7, 967, 3691
What are the prime factors of 133544737?
133544737
What are the prime factors of 728697731?
59, 3067, 4027
List the prime factors of 222607482.
2, 3, 37101247
List the prime factors of 246579538.
2, 5113, 24113
What are the prime factors of 1014639297?
3, 7, 48316157
What are the prime factors of 1754345100?
2, 3, 5, 79, 937
What are the prime factors of 33624375?
3, 5, 79, 227
List the prime factors of 8931925261.
7, 47, 257, 15091
What are the prime factors of 2100866330?
2, 5, 210086633
List the prime factors of 3617995129.
7, 516856447
List the prime factors of 66295700.
2, 5, 662957
List the prime factors of 823470738.
2, 3, 47, 2920109
List the prime factors of 2575878776.
2, 321984847
What are the prime factors of 58276396?
2, 14569099
What are the prime factors of 816060008?
2, 102007501
List the prime factors of 1299501906.
2, 3, 227, 719, 1327
What are the prime factors of 512889378?
2, 3, 89, 960467
List the prime factors of 59832915.
3, 5, 173, 23057
What are the prime factors of 1831724994?
2, 3, 11, 27753409
List the prime factors of 999441413.
29, 683, 50459
List the prime factors of 30965945.
5, 6193189
What are the prime factors of 24557109?
3, 1997, 4099
What are the prime factors of 469144224?
2, 3, 47, 3851
List the prime factors of 1052136463.
7, 1481, 101489
List the prime factors of 157276060.
2, 5, 7863803
List the prime factors of 252133178.
2, 11, 11460599
List the prime factors of 134584495.
5, 17, 1583347
List the prime factors of 1087417342.
2, 11, 17, 2907533
What are the prime factors of 926308891?
79, 11725429
What are the prime factors of 76509263?
53, 1443571
What are the prime factors of 1981996836?
2, 3, 727, 227189
What are the prime factors of 337832708?
2, 229, 397, 929
List the prime factors of 258892666.
2, 129446333
What are the prime factors of 198592391?
198592391
List the prime factors of 1839698952.
2, 3, 7, 13, 842353
List the prime factors of 86679310.
2, 5, 8667931
What are the prime factors of 57424026?
2, 3, 11, 41, 21221
List the prime factors of 1263490924.
2, 23, 79, 263, 661
List the prime factors of 503160850.
2, 5, 19, 47, 59, 191
What are the prime factors of 102586608?
2, 3, 73, 3253
What are the prime factors of 1782232647?
3, 13, 59, 397, 1951
List the prime factors of 97481186.
2, 11, 4430963
List the prime factors of 78219142.
2, 17, 2300563
List the prime factors of 207388491.
3, 17, 4066441
List the prime factors of 222623231.
1487, 149713
List the prime factors of 72153596.
2, 307, 58757
List the prime factors of 691085254.
2, 29, 11915263
List the prime factors of 1413036692.
2, 353259173
What are the prime factors of 643918953?
3, 7823, 27437
List the prime factors of 87223791.
3, 151, 192547
List the prime factors of 266141252.
2, 13, 5118101
What are the prime factors of 234032927?
1831, 127817
What are the prime factors of 61057907?
151, 404357
List the prime factors of 54616539.
3, 18205513
What are the prime factors of 530556799?
530556799
List the prime factors of 38547688.
2, 4818461
List the prime factors of 214100443.
53, 67, 60293
List the prime factors of 120721582.
2, 2287, 26393
What are the prime factors of 1854909618?
2, 3, 19, 41, 229, 1733
What are the prime factors of 5490444478?
2, 19, 1597, 90473
What are the prime factors of 747931224?
2, 3, 137, 227473
What are the prime factors of 1076049299?
13, 251, 329773
What are the prime factors of 240961230?
2, 3, 5, 17, 19, 307
What are the prime factors of 1843114296?
2, 3, 17, 4517437
List the prime factors of 1224138365.
5, 19, 83, 8171
List the prime factors of 389534990.
2, 5, 13, 139, 21557
What are the prime factors of 9077794?
2, 11, 412627
List the prime factors of 232914076.
2, 17, 3425207
List the prime factors of 1042502054.
2, 11, 47386457
List the prime factors of 48575756.
2, 12143939
What are the prime factors of 187501112?
2, 389, 60251
List the prime factors of 125022338.
2, 7, 71, 125777
List the prime factors of 90939012.
2, 3, 29, 9011
List the prime factors of 23683568.
2, 41, 79, 457
List the prime factors of 487798046.
2, 599, 407177
List the prime factors of 133998050.
2, 5, 487, 5503
List the prime factors of 30450625.
5, 83, 587
What are the prime factors of 58950540?
2, 3, 5, 11, 19, 1567
List the prime factors of 147852354.
2, 3, 13, 139, 1049
List the prime factors of 28994221.
28994221
List the prime factors of 2803726002.
2, 3, 7, 11, 866953
What are the prime factors of 3151582447?
13, 242429419
List the prime factors of 470435268.
2, 3, 39202939
What are the prime factors of 92461838?
2, 7, 1831, 3607
What are the prime factors of 6348144?
2, 3, 11, 1093
List the prime factors of 209877229.
103, 2037643
What are the prime factors of 2447740961?
61, 40126901
What are the prime factors of 605748072?
2, 3, 67, 376709
List the prime factors of 2216420100.
2, 3, 5, 2462689
What are the prime factors of 422673214?
2, 199, 1061993
What are the prime factors of 1423558692?
2, 3, 73, 180563
What are the prime factors of 98939830?
2, 5, 11, 17, 157, 337
What are the prime factors of 416147029?
17, 37, 419, 1579
List the prime factors of 474602716.
2, 7, 41, 413417
What are the prime factors of 90418470?
2, 3, 5, 61, 49409
What are the prime factors of 61750342?
2, 19, 107, 15187
What are the prime factors of 547756728?
2, 3, 17, 151, 523
List the prime factors of 1063184014.
2, 531592007
What are the prime factors of 13322493?
3,